{"version":"1.0","provider_name":"EmeskeRemeke","provider_url":"https:\/\/emeskeremeke.cafeblog.hu","author_name":"EmeskeRemeke","author_url":"https:\/\/emeskeremeke.cafeblog.hu\/author\/emeskeremeke\/","title":"\u00c1lomfog\u00f3","html":"<p>Ha j\u00f3l eml\u00e9kszem, 3 \u00e9vvel ezel\u0151tt k\u00e9sz\u00edtettem el az els\u0151 horgolt \u00e1lomfog\u00f3t. Egy f\u00f6ldsz\u00edn\u0171, barna \u00e1lomfog\u00f3t. Azt\u00e1n j\u00f3 p\u00e1r \u00e9vre valami\u00e9rt ez a fil\u00e9\u00fajragondol\u00e1s elfelejt\u0151d\u00f6tt. Eg\u00e9szen tavalyig, amikor bar\u00e1tn\u00e9m kisl\u00e1ny\u00e1nak horgoltam ism\u00e9t egyet.<\/p>\r\n<p><img class=\"aligncenter size-medium wp-image-259\" src=\"https:\/\/emeskeremeke.cafeblog.hu\/files\/2017\/06\/14224959_1147836495276821_2788468903397212007_n-165x300.jpg\" alt=\"\" width=\"165\" height=\"300\" \/><\/p>\r\n<p>Nemr\u00e9g a k\u00f6z\u00f6ss\u00e9gi oldalam f\u00e9nyk\u00e9pet friss\u00edtettem, \u00e9s r\u00e1bukkantam az Olivi\u00e1nak k\u00e9sz\u00edtett \u00e1lomfog\u00f3 f\u00e9nyk\u00e9p\u00e9re. Elkezdtem keresg\u00e9lni \u00fajabb mint\u00e1kat, kedvet kapva ism\u00e9t ilyen dekor\u00e1ci\u00f3k k\u00e9sz\u00edt\u00e9s\u00e9hez. El is k\u00e9sz\u00fclt n\u00e9h\u00e1ny \u00fajabb remek.<\/p>\r\n<p>Nagyobbak...<\/p>\r\n<p><img class=\"aligncenter size-medium wp-image-260\" src=\"https:\/\/emeskeremeke.cafeblog.hu\/files\/2017\/06\/19030304_318996231876999_7144172541304629333_n-225x300.jpg\" alt=\"\" width=\"225\" height=\"300\" \/><\/p>\r\n<p><img class=\"aligncenter size-medium wp-image-266\" src=\"https:\/\/emeskeremeke.cafeblog.hu\/files\/2017\/06\/19149222_318996288543660_1306095100699007275_n-225x300.jpg\" alt=\"\" width=\"225\" height=\"300\" \/><\/p>\r\n<p><img class=\"aligncenter size-medium wp-image-262\" src=\"https:\/\/emeskeremeke.cafeblog.hu\/files\/2017\/06\/19105523_318996458543643_4153355005113400731_n-225x300.jpg\" alt=\"\" width=\"225\" height=\"300\" \/><\/p>\r\n<p><img class=\"aligncenter size-medium wp-image-265\" src=\"https:\/\/emeskeremeke.cafeblog.hu\/files\/2017\/06\/19146252_318996391876983_4417245163706757670_n-225x300.jpg\" alt=\"\" width=\"225\" height=\"300\" \/><\/p>\r\n<p><img class=\"aligncenter size-medium wp-image-264\" src=\"https:\/\/emeskeremeke.cafeblog.hu\/files\/2017\/06\/19113649_318996431876979_4674301936632608280_n-225x300.jpg\" alt=\"\" width=\"225\" height=\"300\" \/><\/p>\r\n<p>...\u00e9s kisebbek egyar\u00e1nt:<\/p>\r\n<p><img class=\"aligncenter size-medium wp-image-261\" src=\"https:\/\/emeskeremeke.cafeblog.hu\/files\/2017\/06\/19059798_318996321876990_5847565588167355155_n-225x300.jpg\" alt=\"\" width=\"225\" height=\"300\" \/><\/p>\r\n<p><img class=\"aligncenter size-medium wp-image-263\" src=\"https:\/\/emeskeremeke.cafeblog.hu\/files\/2017\/06\/19105940_318996361876986_2367404394367744283_n-225x300.jpg\" alt=\"\" width=\"225\" height=\"300\" \/><\/p>\r\n<p>Term\u00e9szetesen dekortollal \u00e9s fagy\u00f6ngy\u00f6kkel d\u00edsz\u00edtve \u00e9s bambuszra fesz\u00edtve.<\/p>\r\n<p>Tov\u00e1bbi r\u00e9szletek <a href=\"https:\/\/www.facebook.com\/pg\/emeskeremeke\/photos\/?tab=album&amp;album_id=318990418544247\">ITT<\/a>!<\/p>","type":"rich"}

Álomfogó

<p>Ha jól emlékszem, 3 évvel ezelőtt készítettem el az első horgolt álomfogót. Egy földszínű, barna álomfogót. Aztán jó pár évre valamiért ez a filéújragondolás elfelejtődött. Egészen tavalyig, amikor barátném kislányának horgoltam ismét egyet.</p>
<p><img class="aligncenter size-medium wp-image-259" src="https://emeskeremeke.cafeblog.hu/files/2017/06/14224959_1147836495276821_2788468903397212007_n-165x300.jpg" alt="" width="165" height="300" /></p>
<p>Nemrég a közösségi oldalam fényképet frissítettem, és rábukkantam az Oliviának készített álomfogó fényképére. Elkezdtem keresgélni újabb mintákat, kedvet kapva ismét ilyen dekorációk készítéséhez. El is készült néhány újabb remek.</p>
<p>Nagyobbak...</p>
<p><img class="aligncenter size-medium wp-image-260" src="https://emeskeremeke.cafeblog.hu/files/2017/06/19030304_318996231876999_7144172541304629333_n-225x300.jpg" alt="" width="225" height="300" /></p>
<p><img class="aligncenter size-medium wp-image-266" src="https://emeskeremeke.cafeblog.hu/files/2017/06/19149222_318996288543660_1306095100699007275_n-225x300.jpg" alt="" width="225" height="300" /></p>
<p><img class="aligncenter size-medium wp-image-262" src="https://emeskeremeke.cafeblog.hu/files/2017/06/19105523_318996458543643_4153355005113400731_n-225x300.jpg" alt="" width="225" height="300" /></p>
<p><img class="aligncenter size-medium wp-image-265" src="https://emeskeremeke.cafeblog.hu/files/2017/06/19146252_318996391876983_4417245163706757670_n-225x300.jpg" alt="" width="225" height="300" /></p>
<p><img class="aligncenter size-medium wp-image-264" src="https://emeskeremeke.cafeblog.hu/files/2017/06/19113649_318996431876979_4674301936632608280_n-225x300.jpg" alt="" width="225" height="300" /></p>
<p>...és kisebbek egyaránt:</p>
<p><img class="aligncenter size-medium wp-image-261" src="https://emeskeremeke.cafeblog.hu/files/2017/06/19059798_318996321876990_5847565588167355155_n-225x300.jpg" alt="" width="225" height="300" /></p>
<p><img class="aligncenter size-medium wp-image-263" src="https://emeskeremeke.cafeblog.hu/files/2017/06/19105940_318996361876986_2367404394367744283_n-225x300.jpg" alt="" width="225" height="300" /></p>
<p>Természetesen dekortollal és fagyöngyökkel díszítve és bambuszra feszítve.</p>
<p>További részletek <a href="https://www.facebook.com/pg/emeskeremeke/photos/?tab=album&amp;album_id=318990418544247">ITT</a>!</p>
